{"id":38,"date":"2020-12-11T09:02:19","date_gmt":"2020-12-11T09:02:19","guid":{"rendered":"http:\/\/scoalarus.ro\/?page_id=38"},"modified":"2020-12-11T09:02:19","modified_gmt":"2020-12-11T09:02:19","slug":"misiunea-scolii","status":"publish","type":"page","link":"http:\/\/scoalarus.ro\/index.php\/misiunea-scolii\/","title":{"rendered":"Misiunea scolii"},"content":{"rendered":"\n<p>\u2022 O mare familie \u00een care s\u0103 se g\u0103seasc\u0103 canale de comunicare optime, dialog at\u00e2t \u00eentre membrii s\u0103i (profesori, elevi), c\u00e2t \u0219i cu mediul extern (comunitate local\u0103, p\u0103rin\u021bi, alte organiza\u021bii sau parteneri);<br>\u2022 Institu\u021bie competitiv\u0103, capabil\u0103 s\u0103 asigure standardele instructiv- educative pentru elevii ei, capabil\u0103 s\u0103 dea absolven\u021bi preg\u0103ti\u021bi s\u0103 fac\u0103 fa\u021b\u0103 cerin\u021belor unei societ\u0103\u021bi democratice, deschise \u0219i \u00een continu\u0103 schimbare;<br>\u2022 Elevi europeni capabili s\u0103 fac\u0103 fa\u021b\u0103 cerin\u021belor contemporane.<\/p>\n","protected":false},"excerpt":{"rendered":"<p>\u2022 O mare familie \u00een care s\u0103 se g\u0103seasc\u0103 canale de comunicare optime, dialog at\u00e2t \u00eentre membrii s\u0103i (profesori, elevi), c\u00e2t \u0219i cu mediul extern (comunitate local\u0103, p\u0103rin\u021bi, alte organiza\u021bii sau parteneri);\u2022 Institu\u021bie competitiv\u0103, capabil\u0103 s\u0103 asigure standardele instructiv- educative pentru elevii ei, capabil\u0103 s\u0103 dea absolven\u021bi preg\u0103ti\u021bi s\u0103 fac\u0103 fa\u021b\u0103 cerin\u021belor unei societ\u0103\u021bi democratice, &hellip; <\/p>\n<p class=\"link-more\"><a href=\"http:\/\/scoalarus.ro\/index.php\/misiunea-scolii\/\" class=\"more-link\">Continue reading<span class=\"screen-reader-text\"> &#8220;Misiunea scolii&#8221;<\/span><\/a><\/p>\n","protected":false},"author":1,"featured_media":0,"parent":0,"menu_order":0,"comment_status":"closed","ping_status":"closed","template":"","meta":{"footnotes":""},"_links":{"self":[{"href":"http:\/\/scoalarus.ro\/index.php\/wp-json\/wp\/v2\/pages\/38"}],"collection":[{"href":"http:\/\/scoalarus.ro\/index.php\/wp-json\/wp\/v2\/pages"}],"about":[{"href":"http:\/\/scoalarus.ro\/index.php\/wp-json\/wp\/v2\/types\/page"}],"author":[{"embeddable":true,"href":"http:\/\/scoalarus.ro\/index.php\/wp-json\/wp\/v2\/users\/1"}],"replies":[{"embeddable":true,"href":"http:\/\/scoalarus.ro\/index.php\/wp-json\/wp\/v2\/comments?post=38"}],"version-history":[{"count":1,"href":"http:\/\/scoalarus.ro\/index.php\/wp-json\/wp\/v2\/pages\/38\/revisions"}],"predecessor-version":[{"id":39,"href":"http:\/\/scoalarus.ro\/index.php\/wp-json\/wp\/v2\/pages\/38\/revisions\/39"}],"wp:attachment":[{"href":"http:\/\/scoalarus.ro\/index.php\/wp-json\/wp\/v2\/media?parent=38"}],"curies":[{"name":"wp","href":"https:\/\/api.w.org\/{rel}","templated":true}]}}